ppose -2*h = -6*o + 4*o - n, 0 = -4*o. List the prime factors of h.
5
Let v(g) = g**3 - g**2 - 2*g - 1. Let x be v(3). Let u = x - 11. What are the prime factors of (-92)/(0 - (2 + u))?
2, 23
Let t = 4669 + -3001. List the prime factors of t.
2, 3, 139
Suppose 7*t - 30 = 5. Let d be ((-4)/14)/(t/(-35)). Suppose -p - d*l = -16, 0*p + 9 = -p + 3*l. List the prime factors of p.
2, 3
Let a(i) = 3*i**2 - 16*i - 19. Let y be a(-9). Suppose 4*b - 63 - 209 = -2*t, -4*b = -3*t + y. List the prime factors of t.
2
Let x(z) = 3*z**2 - 20*z - 147. What are the prime factors of x(31)?
2, 23
Let g(l) = 3*l**2 - l - 4. List the prime factors of g(3).
2, 5
Suppose -2*i + 26558 = 5*a, 2*a + 5*i + 0*i - 10619 = 0. What are the prime factors of a?
2, 83
Suppose -12 = -4*l - 36. Let d(m) = -m**3 - 3*m**2 + 12*m - 6. What are the prime factors of d(l)?
2, 3, 5
Let u = 74 + -56. What are the prime factors of 0 + ((-296)/12)/((-4)/u)?
3, 37
Let z = -5832 - -9338. What are the prime factors of z?
2, 1753
Suppose -12 = -4*o + 7*o. What are the prime factors of (0 - o) + -1 + 60?
3, 7
Suppose -5*j - o = -1, 2*j + 2 = -2*j + 2*o. Suppose -5*i + 3*x = -j*i - 10, 3*x = -15. Let u(h) = 22*h**2 + 1. List the prime factors of u(i).
23
Suppose 0*j - 4*b = j, 4*j - 13 = -3*b. Suppose -289 = -j*l + 3*n + 999, 0 = 4*n + 16. What are the prime factors of l?
11, 29
Suppose -4*v + 5*v = -80. Let i = 131 + v. List the prime factors of i.
3, 17
Suppose -101 = -0*h - h. Suppose -37 - h = -2*k. List the prime factors of k.
3, 23
Let n be -7*(-2)/((-67)/34 + 2). Suppose 21*a - 23*a + n = 0. List the prime factors of a.
2, 7, 17
Suppose 2*k = 4*o - 5*o - 2, -k + 1 = 0. List the prime factors of (o/6)/(16/(-5112)).
3, 71
Let o(s) = 41*s**2 - s. List the prime factors of o(5).
2, 3, 5, 17
Suppose 74 = -a - 6*v + 2*v, -4*a + 5*v - 233 = 0. Let l be (-5)/(-20) + a/(-8). What are the prime factors of (0 + (-92)/l)*-2?
23
Let f(j) = -3*j**3 + 10*j**2 + 27*j - 45. Let g(r) = -r**3 + 3*r**2 + 9*r - 15. Let l(k) = 6*f(k) - 17*g(k). List the prime factors of l(8).
11
Let i = -39 + 41. Suppose 3*a = -2*p + 101, i*p + 2*a - 77 = 7*a. What are the prime factors of p?
2, 23
Suppose -5*u - 985 = -4*i - i, 406 = 2*i + 4*u. List the prime factors of i.
199
Let v = 35 + -33. Suppose v*s + 703 = 5*a, 5*a + 131 = 6*a + 2*s. What are the prime factors of a?
139
Let h(w) = 3*w - 22. Let j(u) = -u + 11. Let q(d) = 4*h(d) + 9*j(d). List the prime factors of q(10).
41
Suppose -64 = -3*o + 5. Let x = o + 10. Suppose 4*y + 5 = x. List the prime factors of y.
7
Let v be 90/5 - (-1 + -3). What are the prime factors of (-4)/v + 189/11?
17
Let b(c) = -17*c**2 + 7*c + 5. Suppose 6*v = 2*v + 12. Let q(d) = -8*d**2 + 3*d + 2. Let r(a) = v*b(a) - 7*q(a). List the prime factors of r(1).
2, 3
What are the prime factors of 63666/45 + 1/5?
5, 283
Suppose v + 44 = 3*l - 3*v, 5*v = 2*l - 27. What are the prime factors of l?
2
What are the prime factors of (144 + -152)/((-2)/601)?
2, 601
Suppose -3*b - 2*o + 3 = -49, -5*b - 3*o + 88 = 0. Let r = -5 + b. List the prime factors of r + -3*(-1)/(-1).
2, 3
Let p(l) = 3*l**3 - 4*l**2 - 8*l - 2. Let a(n) = -4*n**3 + 3*n**2 + 8*n + 3. Let q(w) = -2*a(w) - 3*p(w). What are the prime factors of q(5)?
5, 13
Suppose 0 = 2*f - 6*f - 12, 3*g + 5*f = 3591. What are the prime factors of g?
2, 601
Suppose -73*w + 4115 = -69*w - n, -4*w + 3*n + 4113 = 0. What are the prime factors of w?
3, 7
Let x(t) = t**2 + 3*t + 4. Let c be x(3). Suppose -4*p - 44 = -3*g, -4*p - 84 = -3*g - 2*g. Suppose k + g = s, -2*k - 2 = 2*s - c. List the prime factors of s.
3, 5
Suppose -15*j - 37 = -3892. What are the prime factors of j?
257
Let n(i) = -4*i**2 - i - 2. Let s be n(3). Let o = s + 93. List the prime factors of o.
2, 13
Let m(p) = p**2 - 11*p. Let q be m(11). Suppose 2*g + q - 4 = 0, 0 = -h - 3*g + 306. List the prime factors of (-8)/(-28) - h/(-28).
11
List the prime factors of (29 - 33) + -13*1*-20.
2
Suppose -29*z + 31*z - 384 = 0. List the prime factors of z.
2, 3
List the prime factors of (281/6)/((-73)/(-438)).
281
Let p(f) = -f**3 - 2*f**2 - 6*f - 4. Let a(d) = -2*d - 5. Let s be a(0). Let u be p(s). Let m = -72 + u. What are the prime factors of m?
29
Suppose 17*f - 4 = 13*f. What are the prime factors of 61 + -2 + 3 + f?
3, 7
Let j(g) = g**2 + g - 6. Let s(n) = 2. Let d(r) = 2*j(r) + 6*s(r). Suppose -2*v - v = 15. List the prime factors of d(v).
2, 5
Let p(f) = f**3 - 7*f**2 + 8*f - 4. List the prime factors of p(9).
2, 5, 23
Let o = 27 + 20. Suppose 4*z - 195 = a, o + 88 = 3*z + 3*a. What are the prime factors of z?
2, 3
Suppose 0 = 2*h + 6, -3*o + 387 = 5*h - 2*h. Suppose o = 2*t - 422. List the prime factors of t.
277
Let d = 717 - 413. What are the prime factors of d?
2, 19
Let g(w) = 61*w + 39. What are the prime factors of g(7)?
2, 233
Let m(w) = -15*w**3 - 3*w**2 + w - 22. Let b(y) = -7*y**3 - y**2 - 11. Let v(u) = 13*b(u) - 6*m(u). What are the prime factors of v(-4)?
157
Suppose -1684 = -a + 1278. List the prime factors of a.
2, 1481
Let q(h) = -h**2 - 29*h + 20. Let w be q(-26). Suppose m + 5*g = w, -4*m + 3*g + g + 368 = 0. List the prime factors of m.
3, 31
Suppose 15*h = 12*h + 540. List the prime factors of h.
2, 3, 5
Let y be 1/(-2) - (-150)/(-20). Let l = y - -17. Suppose -b = -6 - l. List the prime factors of b.
3, 5
Suppose 32*u = 29*u - 171. List the prime factors of (-4)/8*u*4.
2, 3, 19
Suppose -5*b + 13 + 152 = 0. Suppose -4*t = -145 + b. Suppose 2*g = 5*w - 40 - 31, -w = -5*g - t. What are the prime factors of w?
13
Let k(c) = -c**2 - 10*c - 1. Let p be k(-8). Suppose -3*m + 5*i = 8, 3*m + 1 + p = i. What are the prime factors of 2*14 + m + 3?
5
Let j = 25 - 19. What are the prime factors of (3 + (-14)/j)*66/4?
11
Let l be (-16)/(-4)*28/16. Suppose -2 + l = 5*b. Let r = 35 + b. List the prime factors of r.
2, 3
Suppose 16*g - 5*g - 2981 = 0. List the prime factors of g.
271
Let p(n) = -n. Let c be p(-3). Suppose 7*d + 1 = -2*i + 8*d, -5*d + 5 = 0. Suppose i = -c*f + 104 - 26. List the prime factors of f.
2, 13
Let c = 106 - 152. Let t = c + 92. Let d = t + -15. List the prime factors of d.
31
Suppose 6 = -3*u + 24. Suppose -u = -3*r - 3*h, r + 4*r = 2*h - 4. Suppose w - 18 - 7 = r. List the prime factors of w.
5
Let m(l) = 19 - 36 + 17 + 8*l. Suppose -3*b + 8*u + 28 = 3*u, 2*u = -4. List the prime factors of m(b).
2, 3
Let z(b) = b**2 - 9*b + 6. Let w be z(11). List the prime factors of 45/6*(-2 + w/6).
2, 5
Let i(t) = 4*t**3 + 57*t**2 + 18*t + 44. What are the prime factors of i(-13)?
5, 131
Let o(h) = 6*h**2 - 5*h + 5. Let w be o(5). Suppose -w = -4*i - 2. Let x = i + -15. List the prime factors of x.
17
Let m be 412/3 + 5/(45/6). Suppose -m = -20*j + 18*j. What are the prime factors of j?
3, 23
Let x = 0 + -19. Let m = x + 27. List the prime factors of ((-15)/(-12))/(2/m).
5
List the prime factors of 0/(-1) + 4560/19.
2, 3, 5
Suppose 2*g + 11880 = 3*x, -4*x + 3*g = -10731 - 5109. List the prime factors of x.
2, 3, 5, 11
Suppose -5*n + 4 + 6 = 0. Suppose -124 = n*w - 6*w. What are the prime factors of w?
31
Suppose 0 = 5*o + 7 + 23. Let v be 3*(26/o + 0). Let p = v - -20. List the prime factors of p.
7
Let s be (-6 - -3)/((-4)/(-56)). List the prime factors of (s/(-12))/((-3)/(-66)).
7, 11
Let g = -350 - -231. Let b = g - -166. What are the prime factors of b?
47
Let g(b) = 14*b - 5 + 20 - b + b**2. Let k be (-30)/12*28*(-1)/(-5). List the prime factors of g(k).
29
List the prime factors of (60/(-45))/((-4208)/2103 - -2).
2, 701
Suppose -4*u - 123 = -5*l, -l + 16 = u - 5. Suppose 4*b - 117 = -t + 6*t, -5*t + l = b. List the prime factors of b.
2, 7
Let z(n) = -6*n**2 - 2*n + 17 - 2*n - 13 + n**3. Let x be z(7). Let l = 41 - x. What are the prime factors of l?
2
What are the prime factors of 1 + (-1258)/(-16) - (-3)/8?
2, 5
Let c(q) = 4*q**2 - 5*q - 6. Let p be c(-4). Suppose -p = -5*k - 208. Let t = 20 - k. What are the prime factors of t?
2, 23
Let j(q) be the second derivative of 2*q**3/3 + 29*q**2/2 - 4*q. List the prime factors of j(14).
5, 17
Let u(l) = -l**2 + 4*l + 617. What are the prime factors of u(0)?
617
Let f = 1044 - -241. List the prime factors of f.
5, 257
Let f(y) = 17*y**2 + 4*y + 5. Let t be f(3). Let g = t + -107. List the prime factors of g.
3, 7
Sup